 100100010 + -110?
100011100
In base 16, what is -1e - -1?
-1d
In base 3, what is -12 - -1121?
1102
In base 2, what is 0 - -1000?
1000
In base 11, what is -166 - -3?
-163
In base 15, what is -641 - a?
-64b
In base 2, what is 10000010 + 1010011?
11010101
In base 9, what is 46 + 1?
47
In base 13, what is 2 + -42?
-40
In base 4, what is 12 + -31200?
-31122
In base 3, what is 122 + 1?
200
In base 10, what is -5159 - 1?
-5160
In base 12, what is -3 - -590?
589
In base 3, what is 2100 + -200?
1200
In base 11, what is 122 - -103?
225
In base 13, what is -253 + 6?
-24a
In base 12, what is -54b8 - -3?
-54b5
In base 14, what is -2 - -18?
16
In base 15, what is 1 + -40?
-3e
In base 14, what is -c + 14?
6
In base 8, what is 1 + 160?
161
In base 6, what is 2253 + 1?
2254
In base 5, what is 113 + -2430?
-2312
In base 2, what is -101 - -10000?
1011
In base 16, what is -84 - -1d?
-67
In base 5, what is -11 + 2124?
2113
In base 11, what is 925 - -3?
928
In base 14, what is 329 - 2?
327
In base 14, what is 1188 + 0?
1188
In base 10, what is -95 - 40?
-135
In base 6, what is -5 - 132?
-141
In base 9, what is 46 + -136?
-80
In base 14, what is -28 - 213?
-23b
In base 14, what is 11 + -8?
7
In base 3, what is -20 + 12020020?
12020000
In base 6, what is -132454 + 4?
-132450
In base 12, what is 161b - -2?
1621
In base 3, what is -1221 + 12?
-1202
In base 3, what is 0 - -1002?
1002
In base 11, what is 247 + 5?
251
In base 6, what is -320 - 50?
-410
In base 12, what is 116 - -53?
169
In base 8, what is 252 + 23?
275
In base 5, what is 421 - -10?
431
In base 5, what is 10 - -1?
11
In base 9, what is -1 - -80?
78
In base 15, what is -5 + -3?
-8
In base 8, what is 5 + 0?
5
In base 13, what is 5 - 16?
-11
In base 6, what is -34 + -1101?
-1135
In base 15, what is 10a6 - 4?
10a2
In base 15, what is -a3a + -1?
-a3b
In base 12, what is 9 + -66?
-59
In base 10, what is -974 - -2?
-972
In base 11, what is 46 - -36?
81
In base 2, what is 1111101101 + 1?
1111101110
In base 3, what is -22 - 20?
-112
In base 15, what is 10 + -a9?
-99
In base 15, what is -3d + 1?
-3c
In base 15, what is 5a - 8d?
-33
In base 2, what is 1001 + 111?
10000
In base 5, what is -4304 - 10?
-4314
In base 16, what is -3 - 321?
-324
In base 14, what is 7 - -b?
14
In base 9, what is -11 - 63?
-74
In base 2, what is 10000000 - 10?
1111110
In base 4, what is -11 - -3220?
3203
In base 7, what is 250 + -4?
243
In base 16, what is 2 - 13?
-11
In base 4, what is -312213 - -1?
-312212
In base 5, what is 310011 - 2?
310004
In base 14, what is -200 + 3?
-1db
In base 10, what is 0 + -111?
-111
In base 12, what is 14b29 + 4?
14b31
In base 13, what is -8a - -17?
-73
In base 11, what is 286 - 11?
275
In base 11, what is -25 + -16?
-40
In base 5, what is -414 - 3?
-422
In base 7, what is 1342 + 2?
1344
In base 3, what is 222012 - -1?
222020
In base 13, what is 9 - -38?
44
In base 13, what is -8 + bc?
b4
In base 10, what is -4 + 12?
8
In base 10, what is -3 - -8?
5
In base 7, what is 11 - -136?
150
In base 16, what is 3 + -139?
-136
In base 11, what is -835 - 1?
-836
In base 15, what is 1 + -251?
-250
In base 5, what is -33 + 12?
-21
In base 10, what is 1686 + -5?
1681
In base 5, what is -434 + -333?
-1322
In base 16, what is 2 - 9?
-7
In base 16, what is 2 + -40?
-3e
In base 16, what is -2 + 11?
f
In base 14, what is -b - -5a?
4d
In base 4, what is -103120 + 0?
-103120
In base 4, what is 11 - 210?
-133
In base 5, what is 2021 - -14?
2040
In base 5, what is 2120 + -10?
2110
In base 5, what is -1100 + 4?
-1041
In base 15, what is 6 - -1e2?
1e8
In base 3, what is -10 - 20110?
-20120
In base 3, what is -1110202 - -111?
-1110021
In base 2, what is -1110101101 + -1100?
-1110111001
In base 3, what is -110 - -221?
111
In base 6, what is -105 - 5?
-114
In base 7, what is -136 - 142?
-311
In base 12, what is 1b0 + 0?
1b0
In base 4, what is 2 - -10001?
10003
In base 4, what is -220100 + 10?
-220030
In base 13, what is 1c7 - -5?
1cc
In base 8, what is -3 + 765?
762
In base 9, what is 1785 - 7?
1777
In base 10, what is -12 + 21?
9
In base 5, what is 0 + 41300?
41300
In base 9, what is 3 + -125?
-122
In base 10, what is 1 - -1603?
1604
In base 11, what is 4 - a7?
-a3
In base 7, what is 113 + 63?
206
In base 4, what is 1 - 23?
-22
In base 12, what is -a1 - -1?
-a0
In base 2, what is -1001101010 - 100?
-1001101110
In base 16, what is 1 + -2?
-1
In base 11, what is -1 - -37?
36
In base 3, what is 1000102022 + 11?
1000102110
In base 5, what is 220 - -2?
222
In base 2, what is 101 - 1101100?
-1100111
In base 14, what is -49 - -1b?
-2c
In base 16, what is 13 - f1?
-de
In base 16, what is fe0 - 5?
fdb
In base 7, what is 12 - -21?
33
In base 12, what is -3 + 2055?
2052
In base 12, what is -2 - 259?
-25b
In base 12, what is 219 - -9?
226
In base 8, what is 6 - 247?
-241
In base 2, what is -11 + 100111?
100100
In base 8, what is -26 - -114?
66
In base 5, what is 2 - -3411?
3413
In base 6, what is 10 + 13?
23
In base 4, what is 1212 - 3?
1203
In base 2, what is 0 - 1010000111100?
-1010000111100
In base 9, what is 11 + 30?
41
In base 6, what is 3 + -30040?
-30033
In base 12, what is 0 + -11?
-11
In base 15, what is -3440 - 5?
-3445
In base 11, what is -23 - a?
-32
In base 4, what is -2 - 203?
-211
In base 4, what is 232 - -210?
1102
In base 14, what is 14 - -10?
24
In base 12, what is 0 + -29?
-29
In base 2, what is -10001110100100 - -11?
-10001110100001
In base 3, what is 22 + -121?
-22
In base 11, what is 10 + -342?
-332
In base 6, what is 2 + 35?
41
In base 14, what is -4 + c1?
bb
In base 14, what is -3 + 22?
1d
In base 5, what is 10 - 110?
-100
In base 6, what is -4 + -30?
-34
In base 15, what is 8d5 - 2?
8d3
In base 4, what is -1021 - 11?
-1032
In base 10, what is -5 + 18?
13
In base 7, what is -1052 + -3?
-1055
In base 9, what is 1 + -342?
-341
In base 3, what is -12110 + 11?
-12022
In base 6, what is 44555 - -1?
45000
In base 6, what is 10215 - 3?
10212
In base 3, what is -212022 - 10?
-212102
In base 16, what is 2e + 1?
2f
In base 14, what is 49 + 3a?
85
In base 7, what is 0 + -1?
-1
In base 10, what is -254 - 3?
-257
In base 4, what is -10 - 1023?
-1033
In base 5, what is -3 - 233?
-241
In base 3, what is -121102 + -201?
-122010
In base 13, what is 664 - 1?
663
In base 13, what is -3 + -2?
-5
In base 16, what is 2d - 3?
2a
In base 3, what is 11120 - 2?
11111
In base 15, what is -25 + 6?
-1e
In base 12, what is -87 + -1?
-88
In base 9, what is 8 - -1308?
1317
In base 2, what is -10001 + 1?
-10000
In base 6, what is 0 - 40154?
-40154
In base 12, what is -938 - 5?
-941
In base 3, what is -1020 - -1001?
-12
In base 3, what is 102 + 0?
102
In base 16, what is -1 - -1cf?
1ce
In base 2, what is 10111 - -1111?
100110
In base 7, what is 2 + -105?
-103
In base 13, what is c + -4a?
-3b
In base 10, what is -2091 + 3?
-2088
In base 12, what is a6b - -5?
a74
In base 8, what is 45 + 233?
300
In base 2, what is -11 + 101001011?
101001000
In base 3, what is -12 + -102?
-121
In base 14, what is 649 + 4?
64d
In base 11, what is 147 + 3?
14a
In base 12, what is -4 - 10?
-14
In base 14, what is b0b2 - 0?
b0b2
In base 12, what is 82 + -1b?
63
In base 8, what is -4 - -727?
723
In base 11, what is 5 + -17?
-12
In base 13, what is 6 + 119?
122
In base 9, what is -176 + -25?
-212
In base 4, what is -3 + -1322?
-1331
In base 16, what is 43 - -2?
45
In base 13, what is -1c3 + 0?
-1c3
In base 9, what is 4 + -277?
-273
In base 13, what is -10 - 51?
-61
In base 7, what is -3 + -112?
-115
In base 2, what is 10 + -100101?
-100011
In base 11, what is 4 + 18?
21
In base 15, what is -7 + 3a?
33
In base 6, what is -12 + -125?
-141
In base 14, what is -c4 - 8?
-cc
In base 16, what is a0 - 50?
50
In base 11, what is 9 - 142?
-134
In base 15, what is 5 - -59?
5e
In base 11, what is -16 - -11?
-5
In base 11, what is 6 - 25?
-1a
In base 13, what is -200 + -8?
-208
In base 2, what is 100 - -1?
101
In base 3, what is 20 - -201?
221
In base 12, what is 5 + 2168?
2171
In base 8, what is -30 + 6?
-22
In base 9, what is 4 + -110?
-105
In base 3, what is -2100 - 11?
-2111
In base 13, what is -7 - 84?
-8b
In base 14, what is -268 + 1?
-267
In base 16, what is 25c - -2?
25e
In base 10, what is 1023 + 5?
1028
In base 15, what is -2 + 10?
d
In base 4, what is 1 + 303?
310
In base 9, what